6)/(-99)) + (-6)/(-33)). Calculate the greatest common divisor of o and 484.
2
Suppose -2 = 12*w - 2. Let t be 17/(-34) + (22/4 - w). Suppose -10*m + 100 = -t*m. What is the highest common divisor of 5 and m?
5
Let p = -210009 - -210059. Let s(q) = 57*q + 8. Let x be s(6). Calculate the greatest common divisor of p and x.
50
Suppose 0 = -2*o + 111 - 101. Let y be 16/o + 3 + 32/(-10). Calculate the greatest common factor of 213 and y.
3
Let v(i) = -i**2 + 20*i - 62. Let n(r) = 13*r**3 + 3*r**2 - 5*r + 3. Let q be n(1). Let f be v(q). What is the highest common factor of f and 88?
22
Let f be 5956 - -1*(-8 + -1). What is the greatest common factor of f and 19?
19
Let z be ((-7344)/119)/(13/7 - 2). Calculate the greatest common factor of 80 and z.
16
Let c(x) = x**2 + 30*x - 28. Let l be c(-32). Let z = 416 - l. What is the greatest common factor of 20 and z?
20
Suppose 5*n - 7844 = -2*k, -8*k = 5*n - 11*k - 7859. Let d = -981 + n. What is the highest common factor of d and 31?
31
Let h be 5485/(-40) - (-2)/16. Let j = -126 - h. What is the highest common factor of j and 77?
11
Let p(x) be the first derivative of x**3/3 - x**2/2 + 36*x - 64. Let c be 4/(-12)*-6 - 2. Let w be p(c). What is the greatest common divisor of 90 and w?
18
Let v be (24/20)/(3/700). Suppose -14*u - 6*u = -v. Suppose u*z - 9*z = 330. Calculate the greatest common divisor of z and 12.
6
Let o(h) = -3*h**3 + 2 + 37*h**2 + 2*h**3 - 9*h - 29*h**2. Let r be o(5). Suppose 0 = -4*n + 438 - 118. What is the greatest common divisor of n and r?
16
Let m(n) = -n**2 - 6*n + 20. Let d be m(0). Let p(z) = -5*z + 110. Let a be p(d). What is the highest common factor of 20 and a?
10
Let z = -32 - -42. Let q(l) = l - 3. Let t be q(z). Let k = t - -32. Calculate the highest common divisor of k and 13.
13
Let v(u) = 155*u - 193. Let r be v(8). Suppose 3*n + 4*s - 1557 = s, 2*n - s - r = 0. Calculate the greatest common factor of 116 and n.
58
Let a be (-17 - -11)*-213 + -16. What is the greatest common factor of a and 2?
2
Let x(u) = -26*u + 890. Let o be x(21). Calculate the greatest common factor of 488 and o.
8
Suppose 38 = 4*c + o, 0 = -c - 15*o + 13*o - 1. Let k = 1613 + -1074. What is the greatest common factor of c and k?
11
Let s(j) = -j**3 + 50*j**2 - 326*j + 105. Let b be s(42). Calculate the highest common divisor of 3 and b.
3
Let h be ((-14)/10)/(2/(-10)). Let n = 16 - h. Let l = -53 - -71. Calculate the greatest common factor of l and n.
9
Suppose 7822 - 71766 = -88*x + 30216. What is the greatest common factor of 130 and x?
10
Let k(t) = t + 18. Let r be k(22). Suppose -r = -c - c. Suppose -4*z + 36 = -c. Calculate the highest common factor of 2 and z.
2
Suppose -1780 - 3140 = -10*z - 31*z. What is the greatest common factor of z and 136?
8
Let t be ((-1)/(-1) + -18)/((-20)/(-100)). Let i = t - -114. What is the greatest common factor of i and 116?
29
Let v be (-450)/(-54)*-4*-3. Calculate the greatest common divisor of 75 and v.
25
Let c(z) = -z**3 - 2*z**2 - 3*z + 9. Let i be c(3). Let q be 3/(((-20)/i)/4). Let y = 8 - 5. Calculate the highest common factor of q and y.
3
Suppose -18 = -4*l - 2*p, p + 33 = 5*l - 0*l. Let s = -3029 + 3059. What is the highest common factor of s and l?
6
Let l = -702 + 1430. Let y be -5 + 9 + -7 + l. Calculate the greatest common factor of y and 25.
25
Let l(u) = 2*u**3 + 19*u**2 + 4*u - 6. Let j be l(-8). Suppose 148*z - j*z + 72 = 0. What is the highest common factor of 60 and z?
12
Suppose -4*w = t - 204, 771*w - 766*w - 246 = t. Let v(s) = -s**2 + 6*s + 4. Let p be v(7). Let h = p + 53. Calculate the highest common divisor of h and w.
50
Suppose 3*g + 2 = 2*z - 0*z, -2*g + 3*z = -7. Let r be (g - -1)/((-6)/8). Suppose -2173*d = -2180*d + 56. Calculate the greatest common factor of r and d.
4
Let i = 784 + -24. Suppose 72*m - 68*m = i. Calculate the highest common divisor of 38 and m.
38
Let r = -4435 - -4473. Calculate the highest common factor of 8702 and r.
38
Let r(c) = 354*c - 6304. Let k be r(18). What is the highest common factor of 1836 and k?
68
Suppose 4*y + 1092 = 4*o, -5*o + 6*y - 67 = -1439. Calculate the greatest common factor of 238 and o.
14
Let t = 138 - 142. Let v be 59 + (-4 + 5)/(1/t). Let d be (-2 - (-11)/3)*3. Calculate the highest common divisor of v and d.
5
Let q(i) = -11*i**2 - 56*i - 5. Let g be q(-5). Suppose -z + 2*z = -15. Let h = g - z. What is the highest common factor of 195 and h?
15
Suppose 8 = 12*o - 16. Suppose 0 = o*i + 4*x + 2 - 80, -i + 18 = -5*x. What is the highest common divisor of 15 and i?
3
Suppose 6*t + 6*t = 228. Let n(i) = -2*i**3 - 5*i**2 + 57*i + 341. Let p be n(-8). What is the highest common divisor of p and t?
19
Let n(g) be the second derivative of 65*g**3/3 + 16*g**2 - 3*g + 26. Let x be n(2). Calculate the highest common divisor of 73 and x.
73
Suppose -71*t + 164*t - 82*t = 3234. What is the greatest common factor of t and 1491?
21
Let k be (14895/120)/((-1)/(-4)) + 1/(-2). Calculate the greatest common divisor of k and 22.
2
Let j = 10877 + -10853. Calculate the greatest common divisor of j and 6372.
12
Let a be 6/15 + 8/5. Suppose -a*s + 5*k = -125, -4*s - k + 245 = s. Let f(p) = -p + 14. Let g be f(4). What is the highest common divisor of s and g?
10
Suppose -559 = -5*d + 391*o - 393*o, -235 = -2*d + 3*o. Calculate the highest common factor of 4859 and d.
113
Let g(j) = 21*j**2 + 19*j + 46. Let q = -656 - -654. Let c be g(q). Calculate the greatest common divisor of 115 and c.
23
Let h = 13791 - 13703. Calculate the greatest common divisor of 30052 and h.
44
Suppose 92*s + 240 = 190*s - 83*s. What is the greatest common factor of 3048 and s?
8
Let a = 1070 + -1048. Calculate the greatest common divisor of a and 2893.
11
Let s be 90/144 - (-489)/24. Calculate the greatest common divisor of s and 21.
21
Let z(w) = -72*w + 1874. Let s be z(26). What is the highest common factor of 4 and s?
2
Let v be 10/(1/(2/4)). Suppose 3*b = 4*h - 144, 8*h = -2*b + 7*h - 85. Let g be v*(b/20 + 3). Calculate the highest common divisor of 8 and g.
4
Suppose 1417 - 329 = 4*l. Suppose 40 + 24 = 4*a. Calculate the highest common factor of a and l.
16
Let k = 154 + 150. Suppose 0 = 5*y - z - k, -4*z + 7*z - 228 = -4*y. Calculate the greatest common factor of 20 and y.
20
Suppose -13*l = -5847 - 1225. Let j = l - 535. What is the highest common divisor of 171 and j?
9
Suppose 8*k - 12 = 3*k + 4*j, 5*j = -15. Suppose k = 8*x - 550 - 1522. What is the greatest common divisor of 37 and x?
37
Let v be 427 + (-15 - 1)/8 + 7. Calculate the greatest common divisor of 64 and v.
16
Suppose 16028*q + 140 = 16038*q. What is the greatest common factor of q and 3675?
7
Suppose -19512 = -4*f + 4*d, 1586 = 2*f + 5*d - 8156. Calculate the highest common factor of f and 46.
46
Let n = 231 + -215. Let k be 5*-4*n/(-5). What is the greatest common divisor of k and 208?
16
Suppose 19*j - 10698 = 4198. Suppose j = -150*g + 158*g. Suppose 0*c + 34 = 2*k + 2*c, -79 = -5*k - 3*c. Calculate the highest common divisor of k and g.
14
Let b(k) = 2*k - 3. Let f be b(2). Let c be (1 - 0)/(f/102). Let q = 6097 - 6029. Calculate the highest common factor of c and q.
34
Let n be (12 - 0)*(2431/52 + -29). What is the greatest common divisor of 26625 and n?
213
Suppose 36*i + 74 + 178 = 0. Let d be 30 + i - (1 + (-8)/(-2)). What is the highest common factor of 603 and d?
9
Let s = 123 + -112. Suppose b = -s*b. Let y be -1*(-3 + (-6 - -2 - b)). What is the greatest common factor of y and 2?
1
Let c(s) = -s**2 + 15*s + 43. Let o be (26/(-8) - 1)*-4. Let u be c(o). Let w = 3 - 2. Calculate the greatest common factor of w and u.
1
Let n be 6/(12/38) - (-7 + 4). Suppose 60 + 336 = 2*v. What is the greatest common factor of n and v?
22
Suppose 407 = 24*x + 119. Suppose -4*g - x = 0, 8*t = 6*t - g + 135. Calculate the highest common divisor of t and 621.
69
Let j(o) = -735*o - 1308. Let i be j(-2). What is the greatest common divisor of 2 and i?
2
Suppose -100 - 125 = -5*c. Let r be -4 - 0/((-2)/2 - -3). Let g be 2 + -2 - r - -26. Calculate the highest common factor of g and c.
15
Let i = -18 + -85. Let g(l) = -2*l**3 + 31*l**2 + 18*l - 129. Let q be g(16). Let p = q - i. What is the highest common divisor of 18 and p?
6
Let z = -3493 - -35